-8572*b**2 - 85723*b - 16. Calculate k(-10).
14
Let n(c) = c**3 + 8*c**2 + 355*c + 1695. What is n(-5)?
-5
Let g(l) = -19*l - 332. What is g(0)?
-332
Let x(k) = -k**3 - 32*k**2 + 86*k - 506. What is x(-35)?
159
Let w(b) = -2*b**2 - 320*b - 10991. What is w(-110)?
9
Let a(h) = -9*h**2 - 98*h - 238. Determine a(-8).
-30
Let p(j) = j**3 + 809*j**2 - 57758*j + 367. What is p(66)?
-161
Let z(o) = -o**3 - 17*o**2 + 136*o + 1613. What is z(-10)?
-447
Let m(f) = -f**2 + 127*f + 910. Calculate m(130).
520
Let d(z) = 14608*z + 408902. What is d(-28)?
-122
Let j(g) = 15*g**2 - 175*g + 481. What is j(10)?
231
Let w(j) = 10*j**2 + 16665*j + 33317. Give w(-2).
27
Let n(r) = 22364*r + 4942454. What is n(-221)?
10
Let z(l) = -220505*l + 18742920. Determine z(85).
-5
Let r(a) = 6*a**3 + 2*a**2 - 169*a + 47. Calculate r(5).
2
Let u(a) = -26*a**3 + 2*a**2 - 700*a - 1403. Determine u(-2).
213
Let p(r) = 4*r + 73. What is p(40)?
233
Let v(w) = -w**3 + 66*w**2 - 42*w - 1509. Calculate v(65).
-14
Let l(i) = 95*i**2 - 491*i + 23. Calculate l(5).
-57
Let n(x) = -2645*x**3 - 23801*x**2 + 42*x + 60. Determine n(-9).
6
Let h(r) = -r**2 + 121351*r + 3034395. Give h(-25).
-5
Let i(w) = -w**3 - 23*w**2 + 1055*w + 46. Calculate i(-46).
184
Let j(z) = -155*z - 7224. Calculate j(-65).
2851
Let a(o) = o**3 + 2*o**2 + o - 88. Calculate a(7).
360
Let v(g) = -5700*g**2 - 34197*g + 3. What is v(-6)?
-15
Let i(q) = -q**3 + 41*q**2 + 86*q + 117. Calculate i(43).
117
Let t(i) = -i**3 - 26*i**2 + 817*i + 91. What is t(-44)?
-1009
Let w(r) = r**3 - 6*r**2 + 112*r - 1159. What is w(9)?
92
Let i(n) = -3*n**3 - 53*n**2 - 98*n - 3243. What is i(-19)?
63
Let m(a) = 327*a - 17615. Determine m(58).
1351
Let n(p) = 1200*p + 352799. Determine n(-294).
-1
Let d(p) = -p**3 - 2*p**2 - 10*p - 640. Determine d(-9).
17
Let x(j) = j**2 - 10320*j - 124026. What is x(-12)?
-42
Let a(y) = -6*y**2 - 21201*y - 126991. What is a(-6)?
-1
Let c(q) = -314*q**2 + 27006*q - 206. Determine c(86).
-34
Let f(v) = 1454*v + 103085. What is f(-71)?
-149
Let i(p) = 42*p**2 + 978*p - 13. Calculate i(-20).
-2773
Let a(p) = p**3 + 356*p**2 + 18487*p + 8211. Calculate a(-293).
7
Let z(x) = 540*x + 86014. What is z(-159)?
154
Let c(j) = 2*j**3 - 845*j**2 - 5617*j + 17156. What is c(429)?
-4
Let n(g) = -379*g**2 + 4366*g - 5759. Calculate n(10).
1
Let w(a) = -2066*a - 12358. What is w(-6)?
38
Let o(i) = -2*i**2 - 1070*i - 125249. Determine o(-362).
3
Let a(y) = -280*y**3 - 4*y**2 - 151*y - 145. Give a(-1).
282
Let f(i) = i**2 + 411703*i - 2470245. What is f(6)?
9
Let s(x) = -1265*x**2 - 5207*x - 583. Calculate s(-4).
5
Let q(h) = -h**3 + 316*h**2 - 681*h + 13737. What is q(314)?
-2905
Let m(j) = j**3 + 18*j**2 - 2119*j + 458. Give m(-56).
-46
Let f(d) = -d**3 - 7*d**2 + 472997*d + 2365035. Determine f(-5).
0
Let i(f) = -52*f**2 + 3648*f - 487. Calculate i(70).
73
Let t(m) = -3*m**2 + 4738*m + 115083. What is t(-24)?
-357
Let x(b) = 2*b**2 + 526*b - 400659. Determine x(335).
1
Let p(n) = -12*n**2 + 392*n - 727. Give p(2).
9
Let g(r) = 482*r - 23. What is g(1)?
459
Let h(c) = 495*c**2 + 332*c - 25. What is h(-3)?
3434
Let x(w) = 12*w**3 + 5*w**2 - 2718*w - 13568. What is x(-5)?
-1353
Let q(o) = -2*o**3 + 135*o**2 + 216*o - 829. Calculate q(69).
-208
Let b(i) = -6486*i - 90736. Determine b(-14).
68
Let d(l) = -l**3 + 24221*l**2 + 145363*l + 29. Calculate d(-6).
23
Let b(s) = 20436*s - 40894. Determine b(2).
-22
Let x(k) = -k**3 - 31*k**2 - 208*k - 278. Calculate x(-23).
274
Let r(b) = b**3 - 2*b**2 - 100*b + 492. Determine r(17).
3127
Let f(a) = 5*a**3 + 297*a**2 + 1299*a + 4891. Determine f(-55).
-4
Let q(f) = -f**2 - 61626*f + 739658. Determine q(12).
2
Let b(n) = 73*n - 1477. Give b(0).
-1477
Let q(w) = -8*w**2 - 620*w + 13750. Calculate q(18).
-2
Let d(b) = -473*b**2 + 7100*b - 1. Determine d(15).
74
Let k(x) = 10*x**2 + 2019*x + 34571. Calculate k(-183).
-16
Let x(d) = 9*d**2 - 2522*d + 566. What is x(280)?
6
Let c(i) = i**3 + 122*i**2 - 4932*i - 860. What is c(-154)?
-244
Let n(m) = -m**2 - 92*m - 2033. What is n(-36)?
-17
Let c(f) = -38888*f - 622205. Give c(-16).
3
Let o(a) = -424*a + 17432. Determine o(48).
-2920
Let a(x) = x**2 + 59*x + 3430. Calculate a(0).
3430
Let c(p) = p**3 + 315*p**2 - 657*p - 7095. Determine c(-317).
196
Let b(u) = -1231*u - 1346709. What is b(-1094)?
5
Let n(h) = -264*h - 9559. What is n(-36)?
-55
Let l(p) = -1759*p + 76493. Calculate l(44).
-903
Let t(m) = 508*m + 8880. Determine t(-18).
-264
Let s(w) = 501*w + 20213. Calculate s(-41).
-328
Let d(s) = 252*s**2 - 223517*s - 6201. Determine d(887).
8
Let y(o) = 224100*o + 2016912. What is y(-9)?
12
Let h(b) = -143*b**2 + 31606*b - 38. Determine h(221).
625
Let i(j) = 7707*j - 22724. Calculate i(3).
397
Let h(i) = -3229*i - 1107441. Give h(-343).
106
Let v(q) = 6*q**2 + 228*q - 691. Calculate v(3).
47
Let p(l) = 5368*l - 316712. Determine p(59).
0
Let x(m) = m**3 + 5*m**2 - 355*m - 2765. What is x(-8)?
-117
Let r(q) = 19*q**2 + 1341*q + 8069. Calculate r(-6).
707
Let x(l) = 52729*l + 263509. What is x(-5)?
-136
Let c(g) = 22*g**2 + 95*g - 11. What is c(-5)?
64
Let o(r) = 302*r**2 - 1813*r - 7. Give o(6).
-13
Let k(s) = 2*s**2 - 992*s + 71792. Determine k(88).
-16
Let u(x) = -x**3 + 26*x**2 + 454*x - 4872. What is u(35)?
-7
Let m(t) = -13097*t - 78531. Give m(-6).
51
Let g(i) = 21544*i + 236990. What is g(-11)?
6
Let q(x) = 472304*x - 2361524. Calculate q(5).
-4
Let x(p) = -1170*p**2 - 7003*p + 106. Determine x(-6).
4
Let f(p) = 98*p**2 + 578*p - 54. Calculate f(-6).
6
Let a(h) = h**3 + 205*h**2 + 5672*h - 692. Calculate a(-172).
-4
Let m(r) = -r**2 + 24735*r + 371251. Determine m(-15).
1
Let u(f) = 1608*f + 2050201. Calculate u(-1275).
1
Let a(i) = -44*i**3 + 3289*i**2 + 824*i - 53. Determine a(75).
-128
Let t(c) = 91*c**2 - 1241*c + 1752. Give t(12).
-36
Let m(d) = -d**3 - 57*d**2 - 2*d - 2. What is m(-2)?
-218
Let m(f) = 867*f - 6383. Determine m(5).
-2048
Let m(k) = 681*k**2 + 9484*k - 745. Calculate m(-14).
-45
Let m(z) = -z**3 - 23*z**2 + 591*z + 773. Calculate m(-38).
-25
Let a(p) = -144452*p - 2455681. Calculate a(-17).
3
Let m(q) = -8*q**2 - 655*q - 4188. Determine m(-7).
5
Let a(k) = 149240*k - 7. Calculate a(0).
-7
Let o(z) = -3*z**2 + 1635*z + 100963. What is o(-56)?
-5
Let r(n) = 318*n**2 - 16539*n - 215. Determine r(52).
-371
Let s(h) = 43*h**2 - 14*h - 9. Determine s(-1).
48
Let d(t) = 8849*t - 1061861. What is d(120)?
19
Let u(l) = -24*l**2 + 425*l - 406. Calculate u(17).
-117
Let b(q) = -21*q**2 - 242*q + 413. Determine b(-13).
10
Let z(i) = 7*i**2 - 3952*i - 21663. Determine z(570).
-3
Let v(x) = -x**2 + 436*x - 12979. What is v(32)?
-51
Let n(u) = 4*u**2 - 169*u + 824. Calculate n(36).
-76
Let f(w) = -225*w - 50657. Determine f(-227).
418
Let o(r) = 8*r**3 + 1449*r**2 - 1274*r + 328. Give o(-182).
328
Let b(h) = 2*h**2 - 231*h - 7425. What is b(142)?
101
Let v(x) = x**3 - 1153*x**2 - 66435*x + 206. Determine v(-55).
-69
Let k(i) = -3*i**2 + 163*i + 1360. Calculate k(-9).
-350
Let j(x) = -21*x**3 - 15*x**2 - 24*x - 5. Determine j(-4).
1195
Let b(z) = 14316*z + 1846832. Determine b(-129).
68
Let i(t) = 3*t**3 - 57*t**2 + 388*t - 2919. Give i(15).
201
Let d(t) = 4*t**2 + 146*t + 630. Determine d(-36).
558
Let h(d) = 5*d**2 - 251*d + 1326. Calculate h(52).
1794
Let r(q) = q**3 - 24*q**2 - 590*q + 52. Determine r(-16).
-748
Let w(z) = -2*z**2 - 4988*z + 29899. Determine w(6).
-101
Let x(v) = 2*v**2 + 241*v + 6790. Calculate x(-58).
-460
Let i(v) = -24*v**3 - 3*v**2 + 389*v + 783. What is i(-2)?
185
Let d(t) = t**3 + 218*t**2 - 1354*t + 91. What is d(6)?
31
Let d(h) = 14*h**2 + 3349*h - 5731. What is d(-241)?
294
Let n(o) = -2921*o + 15086. What is n(5)?
481
Let x(m) = 495*m - 9405. Calculate x(19).
0
Let q(s) = 3*s**2 + 12111*s - 145670. Calculate q(12).
94
Let w(x) = -7*x**2 + 74844*x + 74844. Determine w(-1).
-7
Let q(f) = -18*f**3 - 5*f**2 + 29*f - 26. Give q(1).
-20
Let k(n) = 3340142*n - 36741565. What is k(11)?
-3
Let s(q) = -9875*q - 158010. Determine s(-16).
-10
Let y(v) = -2*v**2 - 117*v + 2560. Determine y(-74).
266
Let r(y) = 2*y**2 - 11095*y + 166503. Give r(15).
528
Let w(g) = -8*g**3 + 6*g**2 + 418*g + 2048. Calculate w(-5).
1108
Let h(j) = -3*j**3 + 33*j**2 - 64*j + 155. Calculate h(10).
-185
Let h(k) = -k**3 - 13